vert -10001011 (base 2) to base 7.
-256
-4e (base 15) to base 3
-2202
3 (base 10) to base 4
3
What is 12 (base 8) in base 5?
20
Convert 1212 (base 3) to base 8.
62
-102002 (base 3) to base 7
-605
101 (base 3) to base 11
a
What is 105 (base 8) in base 10?
69
What is 2 (base 5) in base 10?
2
What is -15 (base 11) in base 13?
-13
What is 28 (base 10) in base 11?
26
86 (base 12) to base 6
250
What is -24 (base 13) in base 4?
-132
What is 103 (base 9) in base 2?
1010100
What is -33 (base 11) in base 15?
-26
1014 (base 5) to base 6
342
0 (base 6) to base 2
0
What is 4 (base 6) in base 13?
4
What is 13 (base 16) in base 9?
21
What is -4 (base 10) in base 13?
-4
Convert 300 (base 6) to base 4.
1230
What is 3 (base 5) in base 10?
3
-46 (base 14) to base 5
-222
-3 (base 13) to base 16
-3
Convert 3 (base 4) to base 8.
3
10 (base 4) to base 7
4
Convert 25 (base 13) to base 9.
34
What is -4 (base 9) in base 16?
-4
466 (base 7) to base 3
100001
2 (base 6) to base 8
2
Convert 113 (base 5) to base 4.
201
What is -10 (base 6) in base 7?
-6
What is -4 (base 15) in base 8?
-4
What is -526 (base 8) in base 6?
-1330
What is -4 (base 11) in base 2?
-100
What is 16 (base 12) in base 10?
18
0 (base 2) to base 4
0
0 (base 10) to base 12
0
What is 330 (base 4) in base 3?
2020
-12 (base 8) to base 16
-a
-7 (base 11) to base 15
-7
What is 4 (base 13) in base 16?
4
Convert -1121 (base 4) to base 9.
-108
What is -12 (base 3) in base 4?
-11
-43 (base 5) to base 11
-21
What is -1 (base 14) in base 9?
-1
Convert -1 (base 12) to base 7.
-1
Convert -25 (base 8) to base 16.
-15
What is 0 (base 4) in base 8?
0
Convert 2 (base 4) to base 9.
2
-11 (base 2) to base 10
-3
Convert 1122 (base 6) to base 4.
10022
-112 (base 4) to base 7
-31
1 (base 5) to base 16
1
What is 252 (base 6) in base 2?
1101000
Convert 57 (base 9) to base 5.
202
What is 1b (base 14) in base 7?
34
Convert 26 (base 16) to base 7.
53
What is 133 (base 6) in base 12?
49
Convert -11 (base 11) to base 10.
-12
-20 (base 15) to base 2
-11110
Convert -2 (base 14) to base 13.
-2
-23 (base 4) to base 7
-14
Convert 0 (base 4) to base 14.
0
What is 5 (base 6) in base 14?
5
5 (base 14) to base 7
5
What is 6 (base 10) in base 16?
6
Convert -11020 (base 3) to base 6.
-310
Convert 257 (base 10) to base 15.
122
225 (base 9) to base 15
c5
What is -1 (base 10) in base 14?
-1
Convert 0 (base 15) to base 16.
0
What is -213 (base 10) in base 5?
-1323
Convert 2 (base 15) to base 4.
2
Convert -3 (base 15) to base 12.
-3
What is 5 (base 14) in base 9?
5
What is -c (base 15) in base 9?
-13
Convert 21 (base 4) to base 16.
9
What is 303 (base 6) in base 8?
157
What is -111 (base 3) in base 2?
-1101
What is 34 (base 10) in base 13?
28
Convert -16 (base 8) to base 7.
-20
Convert 33 (base 4) to base 5.
30
What is -100 (base 9) in base 10?
-81
Convert -202 (base 3) to base 14.
-16
What is -214 (base 6) in base 14?
-5c
Convert -96 (base 11) to base 16.
-69
-1 (base 2) to base 14
-1
Convert 9 (base 12) to base 5.
14
What is -53 (base 8) in base 16?
-2b
5 (base 13) to base 2
101
2 (base 8) to base 14
2
-1d (base 16) to base 13
-23
What is 10 (base 8) in base 14?
8
-54 (base 7) to base 10
-39
2110 (base 3) to base 2
1000010
1 (base 6) to base 13
1
43 (base 8) to base 14
27
Convert -3 (base 12) to base 11.
-3
Convert 7 (base 13) to base 9.
7
3 (base 12) to base 9
3
11 (base 15) to base 11
15
What is -4 (base 5) in base 3?
-11
2 (base 14) to base 3
2
Convert -1e (base 15) to base 14.
-21
Convert -4 (base 16) to base 6.
-4
What is 458 (base 9) in base 11?
313
What is 0 (base 15) in base 2?
0
What is b (base 14) in base 13?
b
Convert 5 (base 8) to base 6.
5
-17 (base 10) to base 5
-32
Convert 42 (base 5) to base 6.
34
92 (base 10) to base 11
84
211 (base 4) to base 8
45
Convert 25 (base 6) to base 14.
13
Convert -32 (base 5) to base 15.
-12
-1 (base 5) to base 11
-1
-2 (base 10) to base 9
-2
Convert 2 (base 15) to base 8.
2
2 (base 16) to base 14
2
What is -11f (base 16) in base 9?
-348
What is 203 (base 5) in base 4?
311
Convert -9 (base 15) to base 2.
-1001
-10 (base 10) to base 13
-a
What is 111 (base 8) in base 7?
133
35 (base 9) to base 2
100000
Convert 1010 (base 3) to base 5.
110
What is -1a (base 15) in base 8?
-31
Convert -8 (base 15) to base 14.
-8
Convert 10101 (base 2) to base 4.
111
What is -1111 (base 3) in base 14?
-2c
-17c (base 14) to base 3
-102100
Convert 0 (base 11) to base 8.
0
12022 (base 3) to base 10
143
Convert 203 (base 6) to base 14.
55
Convert -3 (base 13) to base 9.
-3
-8 (base 11) to base 5
-13
Convert -301 (base 5) to base 15.
-51
Convert 3 (base 5) to base 4.
3
Convert 1 (base 16) to base 8.
1
Convert 1 (base 7) to base 11.
1
11 (base 14) to base 9
16
Convert -34 (base 13) to base 11.
-3a
What is -1 (base 13) in base 4?
-1
Convert 15 (base 8) to base 4.
31
Convert -1101111 (base 2) to base 11.
-a1
10101011 (base 2) to base 9
210
Convert -5 (base 15) to base 2.
-101
10 (base 4) to base 10
4
Convert 0 (base 12) to base 10.
0
Convert 0 (base 10) to base 8.
0
Convert -2 (base 7) to base 12.
-2
What is 1223 (base 5) in base 2?
10111100
-2 (base 7) to base 14
-2
Convert c (base 16) to base 8.
14
123 (base 4) to base 9
30
What is -166 (base 15) in base 13?
-1b9
Convert -25 (base 8) to base 11.
-1a
-42 (base 15) to base 2
-111110
What is -140 (base 8) in base 6?
-240
What is 110110 (base 2) in base 12?
46
What is -1220 (base 3) in base 15?
-36
Convert 31 (base 4) to base 11.
12
-1 (base 15) to base 7
-1
61 (base 14) to base 12
71
Convert -53 (base 12) to base 4.
-333
Convert -36 (base 8) to base 14.
-22
Convert -2 (base 10) to base 2.
-10
4 (base 10) to base 2
100
Convert 7 (base 10) to base 2.
111
Convert 66 (base 10) to base 6.
150
2c (base 16) to base 2
101100
What is 1100 (base 3) in base 15?
26
2 (base 12) to base 7
2
5 (base 9) to base 3
12
-7 (base 9) to base 5
-12
Convert -4 (base 13) to base 6.
-4
What is 5 (base 7) in base 13?
5
What is -12 (base 10) in base 4?
-30
Convert 25 (base 13) to base 15.
21
Convert 126 (base 10) to base 11.
105
42 (base 9) to base 11
35
What is -37 (base 8) in base 4?
-133
What is 28 (base 10) in base 8?
34
100110111 (base 2) to base 9
375
What is 121 (base 3) in base 16?
10
-1411 (base 5) to base 16
-e7
-2 (base 5) to base 16
-2
Convert 1 (base 9) to base 11.
1
416 (base 7) to base 15
de
Convert -5 (base 14) to base 13.
-5
What is 4 (base 11) in base 14?
4
-320 (base 4) to base 7
-110
What is -56 (base 16) in base 3?
-10012
1010 (base 4) to base 12
58
What is 1313 (base 4) in base 5?
434
Convert 53 (base 6) to base 15.
23
Convert -25 (base 10) to base 6.
-41
-12 (base 11) to base 6
-21
Convert 26 (base 12) to base 15.
20
-14 (base 15) to base 2
-10011
What is 201 (base 6) in base 15?
4d
What is 250 (base 9) in base 2?
11001111
Convert 1013 (base 5) to base 4.
2011
-16 (base 15) to base 12
-19
What is -2 (base 9) in base 12?
-2
Convert 3 (base 4) to base 6.
3
Convert -3 (base 8) to base 5.
-3
0 (base 15) to base 7
0
Convert -8 (base 14) to base 15.
-8
Convert -346 (base 8) to base 5.
-1410
Convert -7 (base 9) to base 6.
-11
Convert -3 (base 4) to base 13.
-3
Convert -42 (base 12) to base 4.
-302
-122 (base 4) to base 5
-101
What is 72 (base 13) in base 11?
85
-3 (base 5) to base 10
-3
Convert -12 (base 14) to base 11.
-15
-25 (base 11) to base 13
-21
3a (base 14) to base 9
57
What is -4 (base 15) in base 2?
-100
101 (base 6) to base 11
34
101010 (base 2) to base 8
52
What is 35 (base 15) in base 9?
55
Convert 2132 (base 4) to base 8.
236
Convert 4 (base 10) to base 11.
4
Convert 26 (base 9) to base 13.
1b
Convert -187 (base 14) to base 11.
-267
What is -52 (base 13) in base 8?
-103
Convert 42 (base 5) to base 12.
1a
What is 30 (base 12) in base 15?
26
-1 (base 9) to base 15
-1
What is -111000 (base 2) in base 3?
-2002
ec (base 15) to base 3
22020
-10 (base 5) to base 8
-5
212 (base 3) to base 5
43
What is -111 (base 6) in base 2?
-101011
-1b (base 13) to base 8
-30
What is 65 (base 9) in base 6?
135
Convert 331 (base 4) to base 2.
111101
2 (base 16) to base 8
2
What is -61 (base 12) in base 16?
-49
Convert -d0 (base 16) to base 8.
-320
What is 0 (base 8) in base 14?
0
Convert -25 (base 7) to base 10.
-19
Convert 3 (base 9) to base 15.
3
What is 0 (base 11) in base 14?
0
-60 (base 16) to